-4*f + f - 5*k, 0 = -f - 4*k + v. What is the tens digit of f?
2
Let g = 447 - 222. What is the hundreds digit of g?
2
Let m(q) = 105*q + 153. What is the thousands digit of m(17)?
1
Let l(h) = 4*h - 24. Suppose 3 = -r, 0 = 2*i - 0*r - r - 25. What is the units digit of l(i)?
0
Let o(x) be the third derivative of x**6/120 + x**5/5 + 11*x**4/24 + 5*x**3/6 + 3*x**2. What is the tens digit of o(-9)?
4
Suppose 3709*c = 3716*c - 9282. What is the tens digit of c?
2
Suppose -3019 + 433 = -3*r. What is the units digit of r?
2
Suppose 15 = -2*o - 5*b, 3*b + 9 = o - 2*o. Suppose -18*d + 17*d + 140 = o. What is the tens digit of d?
4
Let f(p) = 1 + 5 - 4 + p**2 - 6*p - 1. Let d be f(5). What is the units digit of (-18)/(-8)*(0 - d)?
9
Let j be 0/((-2)/(1 + 0)). Let s = 119 + -98. Let w = j + s. What is the units digit of w?
1
Let z(x) = -x**3 - 14*x**2 - 13*x + 3. Let w be z(-13). Let y(u) = 13*u**2 + 2*u - 10. What is the tens digit of y(w)?
1
Let f(d) = d + 17. Let j be f(-12). Suppose 5*h + g + 3 = 2*g, -j*g = h - 15. Suppose t + 74 = 5*l, 3*l + 3*t - 12 - 18 = h. What is the units digit of l?
4
Let t(v) = -v**2 + 10*v + 8. Let i(x) = -x**2 + x - 1. Let p(y) = -3*i(y) + t(y). What is the units digit of p(-6)?
1
Suppose -5*b + n + 2 = 3, 4*n = -b + 4. Suppose -115 = -a + 2*u, -5*a + u + 386 + 153 = b. What is the units digit of a?
7
Let n = -54 + 81. What is the units digit of (2 - 5) + n*3?
8
Suppose -h = 3*g - 3*h + 131, 5*g = 4*h - 221. Let s = -18 - g. What is the tens digit of s?
2
Let c = -15 - -14. Let t be (-15)/(-5) + (c - -1). What is the units digit of t - (2 + 0/3)?
1
Let c be -2 + 2 + 1 - -2. Suppose 5*i + 0*w - w + 15 = 0, -2*i + w = c. Let h(v) = v**3 + 3*v**2 - 4*v + 4. What is the units digit of h(i)?
4
Let u be ((-112)/6)/((-14)/63). Suppose -4*p + 3*p + u = 0. Let o = 134 - p. What is the tens digit of o?
5
Let b(n) = n**3 + 5*n**2 - 8*n - 9. Let u be b(-5). Suppose 170 = 2*r - s + u, -5*r = 5*s - 310. What is the tens digit of r?
6
Suppose -6*l + 4681 = -1463. What is the tens digit of l?
2
Let b(i) = 6*i**3 + 27*i**2 - 4*i - 4. What is the tens digit of b(6)?
4
Let k(y) = -7*y + 8. Let t = -1 + -6. What is the tens digit of k(t)?
5
Suppose -7*u + 5*u = -4. Suppose 203 - 67 = 3*h - 2*c, 4*h + u*c = 158. What is the units digit of h?
2
Suppose 4*u + 6*u + 830 = 0. Let j = 34 - u. What is the hundreds digit of j?
1
Let q(k) = 5 - k + 15 - 6 - 4*k. Let o be q(10). What is the units digit of (-2)/10 + o/(-5)?
7
Suppose 0 = b - 3*v - 273, -5*b + 4*v - 900 = -2298. What is the hundreds digit of b?
2
Suppose 3 = -d + 16. Let u be 1242/39 - (-2)/d. Suppose 2*z + y - u = 0, 64 = 5*z + y - 13. What is the units digit of z?
5
Let q be (-9 - -4)*4/(-10). Let l be (-4)/6*(-12)/q. Suppose 5*b + u - 313 = 0, -l*u = -4*b + 243 - 7. What is the units digit of b?
2
Suppose 10 = 5*r - 0*r. Let z(t) = -3 + 2 + 0 + t**r + 4 - 9*t. What is the units digit of z(9)?
3
Let o(m) = m**2 - 12*m - 25. Suppose 5*x = -11 + 116. What is the units digit of o(x)?
4
Let i be (-3 - -39)/(6/16). Suppose -4*n - 2*h + 152 = 0, 3*n + h = 4*h + i. Suppose 5*t + 45 = 5*j - 115, j = 3*t + n. What is the tens digit of j?
3
Let t(w) = 3*w**3 - 31*w**2 - 14*w - 3. What is the units digit of t(13)?
7
Suppose -12*z + 11*z = 1. Let a = z + 4. Suppose -4*j + 76 = -a*j. What is the units digit of j?
6
Let y(c) = c**2 - 10. Let v be y(-5). Let p = v - -135. What is the tens digit of (-3)/6*p/(-3)?
2
Let g = -48 - -50. Suppose -m - 124 = -g*m. What is the tens digit of m?
2
Let g(f) be the third derivative of f**7/2520 + f**6/360 - f**5/30 - 2*f**2. Let x(w) be the third derivative of g(w). What is the tens digit of x(7)?
1
Suppose -23*g - 2*d = -21*g - 4794, -3*g + 7194 = 2*d. What is the tens digit of g?
0
Let s(p) be the first derivative of p**2/2 + 7*p - 15. What is the units digit of s(-5)?
2
Let o(p) = p**2 + 4*p + 6. Suppose -2*r - 15 = -7*r. Suppose 10 = 5*u - r*u. What is the tens digit of o(u)?
5
Suppose -4*g + 5345 = 3*u, 0 = 4*g - 6 - 2. What is the hundreds digit of u?
7
Suppose -3*m + 177 = -498. Suppose 7*f - 3*f = -3*o + 204, 3*o - 3*f = m. What is the tens digit of o?
7
Let v(w) = -3*w + 18. Let c(z) = -z + 1. Let l(x) = -5*c(x) + v(x). What is the tens digit of l(4)?
2
Let x = -18 + 20. Let a(u) = 10 + 2 - 3 + u**3 - 19*u + 15*u**x - 4. What is the units digit of a(-16)?
3
Suppose 813 = q - 2*j, -3*q + j + 2604 = 160. What is the hundreds digit of q?
8
Let t(o) = 86*o**2 - 2*o + 8. What is the hundreds digit of t(-3)?
7
Suppose -4*v + 3*y + 24499 = 0, 4*y = -4*v + 5*y + 24489. What is the thousands digit of v?
6
Let l = -3 - -12. Suppose 7*k + 54 = l*k. What is the units digit of k?
7
Let r(h) = h**2 - 7*h + 7. Let q be r(5). Let x = 45 + -30. Let m = x - q. What is the units digit of m?
8
Suppose 2700 = 387*j - 377*j. What is the tens digit of j?
7
What is the tens digit of (-56 - -53) + 2494/2?
4
Let o = 143 + 33. What is the tens digit of o?
7
Suppose 167*i - 177*i = -9110. What is the hundreds digit of i?
9
Let g = -53 - -57. Suppose g*s - 548 = -5*y, 0 = 4*s - s - 2*y - 388. What is the units digit of s?
2
Let x(t) = -99*t + 332. What is the thousands digit of x(-10)?
1
Let t be 24/(-15)*(-15 + 0). Suppose 0 = -0*i - 3*i + t. Suppose -2*d = -d - i. What is the units digit of d?
8
Suppose 0 = 5*t + 5*j - 7470, -4*t - j + 1001 + 4984 = 0. What is the thousands digit of t?
1
Let o be 1/(-1*1/(-3)). Suppose -16 = p - 0*p + 2*n, 4*p + o*n + 54 = 0. What is the tens digit of 3/p + (-245)/(-20)?
1
Let b(x) = -x**2 - 10*x - 11. Let o(i) = -2*i - 7. Let u be o(0). What is the units digit of b(u)?
0
Let y = 313 + -124. Suppose -j - y = -10*j. What is the units digit of j?
1
Let l be (-11)/((-11)/30) - -3. Suppose f + l = v, 2*v - 28 - 42 = f. What is the tens digit of v?
3
Let h(f) = 62*f**2 + 2*f + 8. What is the units digit of h(-3)?
0
Let s(n) = 21*n**2 - 1 - 20*n**2 + 4 + 8. What is the tens digit of s(6)?
4
Let m = -449 - -840. What is the units digit of m?
1
Let j be 2/(0 - 4/(-20)). Suppose 1298 = d + j*d. What is the units digit of d?
8
Suppose -3*a = -0*f - 3*f, 2*f = -3*a - 10. What is the tens digit of 78*(-2 + (a - -5))?
7
Suppose 0 = 3*q - 4*h - 43, -q = -h - 20 + 6. Let v = q + -10. Suppose v*c + 110 = 8*c. What is the units digit of c?
2
Let h(a) = -32*a + 95. What is the units digit of h(-1)?
7
Let q(m) = m - 6. Let y be q(9). Suppose 7*u + 4*l = 3*u + 56, y*u + 4*l - 40 = 0. Let v = u - 8. What is the units digit of v?
8
Suppose -2*g + l + 8458 = 0, g = 2*l + 1499 + 2733. What is the tens digit of g?
2
What is the tens digit of (-4)/(-30) + (-40640)/(-75)?
4
Suppose 5*i - 3 = -4*g - 0*g, -3*i = 2*g + 1. Let v(l) = l + 14. What is the tens digit of v(g)?
2
Suppose t = 3*t - 10. Suppose -t*g + 7*g - 10 = 0. Suppose g*f = 5 + 5. What is the units digit of f?
2
Let u(s) = -s**2 + 15*s - 9. Let y be u(14). Let m(w) = -w**3 + w - 7*w + 2*w**3 - 7 - 3*w**2. What is the tens digit of m(y)?
1
Suppose 0 = 4*g - 4 - 20. Let d = g - -24. What is the tens digit of d?
3
Let m = -59 - -68. What is the units digit of m?
9
Suppose -408 = 3*z - 9*z. Let h(i) = -47*i**3 + i - 1. Let t be h(1). Let w = t + z. What is the tens digit of w?
2
Suppose 2*r - 12*n + 7*n - 6374 = 0, -2*r + 4*n = -6372. What is the hundreds digit of r?
1
Suppose 0 = 95*j - 101*j + 4086. What is the units digit of j?
1
Let u be 19 + -16 - (1 - 0). What is the tens digit of (8/10 - u)*-25?
3
Let w be 6/2 - ((2 - 2) + 3). Suppose 0*u + u - 72 = w. What is the tens digit of u?
7
Let c(d) = d**3 + 10*d**2 - 6*d - 12. Let l be c(-9). Suppose 3*r = 2*j + l, 2*j + 67 = -3*r - 26. Let n = j + 77. What is the tens digit of n?
2
Let n = -11 - -11. Suppose -2*o + 265 = 5*r - n*r, -2*r + 3*o + 125 = 0. What is the tens digit of r?
5
Suppose w = 3*w - 112. Let h = w - 51. What is the units digit of h?
5
Suppose -f = -3*l + 1, 2*f - 4*l - l = 0. Suppose 91 = -3*a + f*g + 528, g - 313 = -2*a. What is the units digit of a?
4
Suppose 1543 + 1558 = 7*b. What is the hundreds digit of b?
4
Let n be (9 - 8) + 1 + 2. Let k(g) = g**3 - 12*g**2 + 22*g - 5. Let m be k(10). Suppose 3*x - n*b = 3, -x + m - 4 = 2*b. What is the units digit of x?
5
Let i(z) = -4*z**3 - 12*z**2 - 3*z + 80. What is the units digit of i(-7)?
